14
-1
Convert b (base 14) to base 12.
b
121 (base 3) to base 15
11
Convert 46 (base 7) to base 13.
28
2 (base 3) to base 2
10
-43 (base 12) to base 2
-110011
Convert 25 (base 10) to base 16.
19
What is 3 (base 15) in base 6?
3
1 (base 14) to base 6
1
3 (base 12) to base 15
3
1230 (base 4) to base 3
11000
What is -1b (base 12) in base 6?
-35
Convert -318 (base 9) to base 8.
-404
What is -1 (base 15) in base 10?
-1
What is -32 (base 16) in base 4?
-302
Convert -211 (base 6) to base 7.
-142
What is 4 (base 9) in base 15?
4
-1023 (base 4) to base 16
-4b
-70 (base 16) to base 8
-160
-133 (base 6) to base 10
-57
-204 (base 5) to base 12
-46
Convert -243 (base 5) to base 9.
-81
265 (base 9) to base 7
434
What is -411 (base 5) in base 4?
-1222
Convert 1 (base 13) to base 11.
1
What is 0 (base 5) in base 6?
0
-108 (base 11) to base 5
-1004
Convert 18 (base 12) to base 11.
19
Convert 123 (base 6) to base 14.
39
What is -15 (base 9) in base 15?
-e
-10 (base 15) to base 8
-17
Convert -10010 (base 2) to base 9.
-20
What is -2 (base 15) in base 11?
-2
What is -15 (base 8) in base 15?
-d
-55 (base 14) to base 15
-50
What is -235 (base 6) in base 3?
-10112
Convert -36 (base 8) to base 6.
-50
-54 (base 13) to base 9
-76
11 (base 2) to base 16
3
What is 51 (base 6) in base 7?
43
What is 2 (base 9) in base 11?
2
What is db (base 15) in base 14?
10a
-1 (base 8) to base 16
-1
What is -310 (base 5) in base 14?
-5a
Convert -2 (base 3) to base 14.
-2
What is 4a (base 13) in base 5?
222
What is 0 (base 12) in base 16?
0
-101101 (base 2) to base 3
-1200
Convert -21 (base 13) to base 5.
-102
143 (base 12) to base 5
1240
-233 (base 4) to base 12
-3b
What is -1110 (base 2) in base 7?
-20
Convert -1 (base 7) to base 14.
-1
Convert 0 (base 16) to base 11.
0
11 (base 8) to base 7
12
What is 18 (base 15) in base 13?
1a
1 (base 10) to base 7
1
Convert 8a (base 14) to base 7.
233
What is 114 (base 13) in base 15?
c6
Convert 111001 (base 2) to base 13.
45
1321 (base 4) to base 7
232
What is 46 (base 7) in base 13?
28
-6 (base 9) to base 5
-11
15 (base 6) to base 16
b
What is -38 (base 9) in base 6?
-55
1010 (base 2) to base 4
22
21 (base 12) to base 15
1a
97 (base 12) to base 2
1110011
What is 154 (base 7) in base 10?
88
-11 (base 2) to base 16
-3
What is 32 (base 8) in base 3?
222
-1 (base 10) to base 13
-1
What is 25 (base 7) in base 6?
31
12 (base 15) to base 6
25
Convert -5 (base 16) to base 15.
-5
214 (base 5) to base 7
113
Convert -64 (base 16) to base 7.
-202
4 (base 9) to base 15
4
Convert -152 (base 9) to base 6.
-332
What is -92 (base 12) in base 16?
-6e
Convert 169 (base 14) to base 9.
351
Convert 10100 (base 2) to base 10.
20
6 (base 9) to base 14
6
87 (base 11) to base 13
74
Convert 3 (base 9) to base 16.
3
Convert 10 (base 4) to base 15.
4
What is 12 (base 3) in base 2?
101
What is 114 (base 8) in base 16?
4c
What is -110 (base 6) in base 4?
-222
9 (base 11) to base 4
21
34 (base 5) to base 16
13
Convert 1113 (base 5) to base 16.
9e
10 (base 3) to base 2
11
3 (base 15) to base 11
3
Convert -100 (base 2) to base 8.
-4
Convert -e (base 15) to base 4.
-32
13 (base 4) to base 14
7
Convert -1 (base 12) to base 14.
-1
211 (base 5) to base 8
70
What is -10 (base 10) in base 2?
-1010
-233 (base 7) to base 10
-122
Convert 10 (base 4) to base 3.
11
Convert -1 (base 14) to base 3.
-1
What is -44 (base 8) in base 5?
-121
Convert 103 (base 7) to base 12.
44
Convert 43 (base 6) to base 8.
33
What is 35 (base 7) in base 9?
28
What is -19 (base 12) in base 16?
-15
What is 100000 (base 2) in base 6?
52
Convert -3 (base 15) to base 10.
-3
What is -33 (base 8) in base 12?
-23
-1011101 (base 2) to base 7
-162
303 (base 4) to base 6
123
What is 2 (base 8) in base 16?
2
Convert -55 (base 6) to base 11.
-32
What is 310 (base 5) in base 9?
88
Convert -11020 (base 3) to base 7.
-222
What is 118 (base 11) in base 10?
140
What is 17 (base 13) in base 8?
24
What is -102 (base 4) in base 3?
-200
What is -1120 (base 3) in base 14?
-30
Convert 10 (base 2) to base 3.
2
Convert 142 (base 8) to base 15.
68
What is 3a (base 12) in base 7?
64
-b (base 15) to base 12
-b
2 (base 6) to base 8
2
-d (base 16) to base 7
-16
What is -176 (base 8) in base 15?
-86
2c (base 16) to base 5
134
Convert 0 (base 9) to base 2.
0
-17 (base 10) to base 3
-122
Convert 332 (base 4) to base 3.
2022
What is -132 (base 4) in base 6?
-50
What is -7 (base 16) in base 13?
-7
Convert -9 (base 14) to base 6.
-13
2 (base 10) to base 4
2
42 (base 5) to base 7
31
60 (base 16) to base 2
1100000
-23 (base 10) to base 14
-19
4 (base 5) to base 6
4
-2222 (base 5) to base 3
-102120
Convert -2202 (base 3) to base 15.
-4e
What is 2 (base 15) in base 12?
2
Convert -5 (base 13) to base 4.
-11
-11100 (base 2) to base 13
-22
What is -11 (base 3) in base 14?
-4
Convert -3 (base 7) to base 13.
-3
Convert 18 (base 11) to base 8.
23
Convert -10000 (base 2) to base 14.
-12
What is 34 (base 9) in base 6?
51
Convert -12 (base 16) to base 9.
-20
Convert -3b (base 13) to base 15.
-35
Convert -110 (base 5) to base 11.
-28
What is -11d (base 15) in base 12?
-191
What is 22 (base 8) in base 10?
18
-21 (base 6) to base 2
-1101
Convert 1 (base 2) to base 15.
1
Convert 5 (base 11) to base 4.
11
Convert -16 (base 9) to base 15.
-10
Convert -17 (base 16) to base 14.
-19
-b6 (base 13) to base 5
-1044
What is -10001 (base 2) in base 15?
-12
What is 0 (base 12) in base 3?
0
Convert 21 (base 10) to base 16.
15
What is -266 (base 8) in base 15?
-c2
What is -1011101 (base 2) in base 8?
-135
12 (base 10) to base 13
c
213 (base 7) to base 4
1230
What is 6 (base 9) in base 7?
6
What is 101 (base 3) in base 14?
a
What is 124 (base 7) in base 14?
4b
Convert -15 (base 14) to base 16.
-13
What is 0 (base 9) in base 11?
0
2 (base 10) to base 8
2
What is 0 (base 11) in base 15?
0
Convert a (base 11) to base 7.
13
Convert -1c (base 14) to base 4.
-122
What is 2 (base 7) in base 14?
2
3 (base 8) to base 3
10
Convert 2 (base 11) to base 12.
2
a (base 15) to base 12
a
What is 13 (base 4) in base 7?
10
-3 (base 10) to base 13
-3
Convert -5 (base 11) to base 13.
-5
What is -7 (base 11) in base 5?
-12
111 (base 3) to base 11
12
Convert 102 (base 3) to base 6.
15
Convert -110 (base 11) to base 15.
-8c
Convert -7 (base 16) to base 2.
-111
-5 (base 6) to base 3
-12
What is 1a (base 12) in base 3?
211
Convert 100000 (base 2) to base 14.
24
What is -78 (base 12) in base 11?
-84
Convert 3 (base 11) to base 5.
3
What is 2 (base 7) in base 4?
2
-6 (base 10) to base 3
-20
What is -34 (base 5) in base 9?
-21
36 (base 9) to base 8
41
-1 (base 7) to base 6
-1
What is 0 (base 14) in base 2?
0
-1 (base 3) to base 8
-1
Convert 0 (base 13) to base 8.
0
-62 (base 14) to base 5
-321
15 (base 9) to base 16
e
3 (base 12) to base 11
3
Convert 100100000 (base 2) to base 8.
440
-b8 (base 15) to base 12
-125
2 (base 7) to base 5
2
What is -3 (base 5) in base 11?
-3
Convert -10 (base 9) to base 16.
-9
Convert 3 (base 15) to base 7.
3
Convert 22 (base 4) to base 3.
101
What is 8 (base 16) in base 10?
8
2 (base 7) to base 9
2
What is 11 (base 10) in base 11?
10
What is -2 (base 3) in base 14?
-2
What is -3 (base 14) in base 4?
-3
21 (base 8) to base 9
18
-10 (base 7) to base 13
-7
310 (base 5) to base 10
80
-1d (base 14) to base 15
-1c
Convert 11 (base 3) to base 13.
4
-2200 (base 3) to base 5
-242
What is 10 (base 16) in base 4?
100
Convert 1 (base 3) to base 11.
1
-25a (base 12) to base 13
-217
62 (base 10) to base 6
142
1 (base 4) to base 10
1
3 (base 6) to base 13
3
Convert -123 (base 6) to base 8.
-63
Convert -3 (base 16) to base 10.
-3
81 (base 10) to base 15
56
-2 (base 10) to base 12
-2
What is 50 (base 6) in base 4?
132
2 (base 4) to base 10
2
-26 (base 9) to base 4
-120
What is 21 (base 11) in base 3?
212
4 (base 6) to base 4
10
Convert -44 (base 16) to base 13.
-53
Convert -67 (base 15) to base 13.
-76
1021 (base 5) to base 9
161
Convert -14 (base 11) to base 8.
-17
-4 (base 9) to base 3
-11
Convert -6d (base 15) to base 14.
-75
What is 31 (base 10) in base 12?
27
265 (base 7) to base 3
12101
Convert 3 (base 5) to base 12.
3
Convert -3 (base 6) to base 2.
-11
15 (base 10) to base 5
30
Convert -2 (base 9) to base 4.
-2
-2 (base 5) to base 16
-2
Convert 0 (base 2) to base 14.
0
Convert -120 (